lculate h(u).
6
Let n(i) = 6*i**2 - 2*i - 3. Let l be 24/(-20)*85/(-34). Calculate n(l).
45
Let q(d) be the first derivative of -9*d + 11 - 1/3*d**3 - 4*d**2. What is q(-6)?
3
Suppose -5*h - 56 = -4*v, -9*v + 4*v - 2*h = -37. Let x(j) = j - 17. Give x(v).
-8
Let f(m) be the second derivative of -m**4/12 + 7*m**3/6 + m**2/2 - m + 48. What is f(7)?
1
Let t(r) = r**2 - 14*r - 5. Suppose -5*g - 363 = -2*k, 2*g - 3*g = 4*k - 737. Let u = -170 + k. Determine t(u).
-5
Let l(f) = -f**3 - 6*f**2 + 2. Let h be l(-6). Let q(w) = -16*w + 16*w + 3*w**h + 1. Calculate q(1).
4
Let h(f) be the first derivative of f**3/3 - 2*f**2 + f + 4. Let l be h(4). Let m(k) = -3*k**3. Calculate m(l).
-3
Let o(y) = -20*y**2 + 26*y + 1. Let h(k) = 9*k**2 - 13*k. Let d(b) = -9*h(b) - 4*o(b). Give d(13).
-4
Suppose -178*y + 888 = -104*y. Let f(m) be the second derivative of -1/2*m**2 - 1/3*m**3 - y*m + 0 - 1/6*m**4. Determine f(-2).
-5
Let m(a) = -2*a**2 - 25*a - 22. Let r(l) = -5*l**2 - 50*l - 43. Let x(h) = 7*m(h) - 3*r(h). Give x(26).
1
Let n(l) = 3*l**3 + l**2 + l + 2. Let o(v) = 8*v**3 + 21*v**2 + v + 37. Let w(k) = 3*n(k) - o(k). What is w(18)?
5
Let d = 502 + -499. Let a(y) = y**3 - 2*y**2 - y + 1. Calculate a(d).
7
Let t(b) = -b**3 + 19*b**2 + 19*b + 10. Let w be t(20). Let f(x) = 2*x**3 + 168 - 3*x**3 - x**2 - 10*x - 10*x**2 - 176. Determine f(w).
-8
Let d(s) = 3 - 1 + s - 2*s + 2. Let a be 81/6 - 1/2. Suppose 4*q - a - 3 = 0. Give d(q).
0
Let p(n) = -2*n**2 + 6*n + 1. Suppose -5 = -5*t - 5*h, 2*t - 16 = 35*h - 30*h. Calculate p(t).
1
Suppose 4*d + 16 = -0. Let c be (3 + 9/(-2))/((-3)/d). Let b(r) = r**3 + 4*r**2 + 2*r - 2. Determine b(c).
2
Let b(v) be the second derivative of -v**5/20 + 5*v**4/3 - 17*v**3/6 - 12*v**2 - 83*v + 4. Calculate b(19).
14
Let r(y) = y**2 - 1. Let t(w) = -w**3 - 2*w**2 + w. Let z(q) = r(q) - t(q). Let v(l) = 4*l - 5 - 4*l - 6 - l. Let o be v(-8). Determine z(o).
2
Let d(u) be the second derivative of u**5/20 - u**4/3 + 2*u**3/3 - 5*u**2/2 + 2*u. Let p be (-24)/(-18) + -2 + 88/6. Suppose p*y - 11*y = 12. Determine d(y).
11
Let u(h) be the first derivative of 8*h**3/3 - h + 172. Let q = 16 + -17. Give u(q).
7
Let z(y) = y**3 - 10*y**2 + y + 6. Let n be (-1872)/(-180) + 2/10*-2. Give z(n).
16
Let d = 17 - 17. Let x(u) = -18 + d*u + 16 + 2*u. Let o(i) = 10*i - 11. Let f(y) = -4*o(y) + 22*x(y). Give f(3).
12
Let y(k) = -2*k - 3. Let a(v) = -v - 2. Let b(l) = -3*a(l) + y(l). Calculate b(-9).
-6
Let b(r) = 3*r**2 + 2. Let o(l) = 2*l**2 - 80*l + 154. Let a be o(38). Calculate b(a).
14
Suppose 84 = -32*v + 4*v. Let u(d) be the second derivative of -1/3*d**3 + 0 + d - 3/2*d**2. Give u(v).
3
Let r be (-105)/12 - (-2)/(-8). Let g(z) = -7*z**2 - 15*z - 29. Let y(p) = -6*p**2 - 14*p - 25. Let i(w) = -5*g(w) + 6*y(w). What is i(r)?
-5
Let z(l) = l - 3*l**2 - 3*l + 2*l**2. Suppose 7*p - 8 = 3*p. Let m(v) = -2*v**2 + 2*v. Let k be m(p). Calculate z(k).
-8
Let q = -306 - -170. Let k = q + 136. Let x(s) = -s**2 - s + 1. Determine x(k).
1
Let a be -50 + 8/(-6)*(-27)/18. Let m = a + 51. Let s(n) = n**3 - n**2 - 3*n - 4. Calculate s(m).
5
Let y(n) = -n**3 - 5*n**2 + 8*n - 44. Let f be y(-7). Let l(j) = -j**2 - 3*j + 2. What is l(f)?
4
Let q(m) = m + 2. Suppose -20*g + 17*g = -6. Suppose g*c = 13*c + 33. Give q(c).
-1
Suppose -5*l + 20 = 2*r, -3*l + 0*r + 12 = -5*r. Suppose l + 21 = -5*v. Let n(k) = k**2 + 9*k + 6. What is n(v)?
-14
Suppose 33*i - 44 = 44*i. Let f(z) = z**3 + 6*z**2 + 6*z + 3. Give f(i).
11
Let d(l) = -l**3 + 5*l**2 + 2*l - 5. Let t be d(5). Let h(b) = -9*b + 1 + 2 - t + 8*b. Determine h(5).
-7
Let f = -10 - -17. Let y(m) = 8 - 3 - 3*m**2 - f - 2*m. Calculate y(-2).
-10
Suppose -37 = 8*h - 5. Let n(b) = -b**3 - 4*b**2 - b - 4. Give n(h).
0
Let l be 3*(-11)/(-99) - 3/(-9). Let f(u) be the first derivative of 1/4*u**4 - 3*u + 4 - 5/2*u**2 + l*u**3. What is f(-3)?
3
Let h(b) be the first derivative of -b**2/2 + 13*b - 400. What is h(-6)?
19
Suppose 3*q - 14 = 1. Let f be q/((-5)/8)*-1. Let r(j) = j - 7. What is r(f)?
1
Let x(c) = 2*c**2 - 4*c + 12. Let z(w) = -3*w**2 + 5*w - 16. Let t(q) = 4*x(q) + 3*z(q). Suppose 2*g = 5*d + 2, -d - 3*g + 0 + 3 = 0. Calculate t(d).
0
Suppose 4*r = -0*r + 16. Let d(l) be the third derivative of -l**5/60 + l**4/6 + 2*l**3/3 + 15*l**2 + l. Calculate d(r).
4
Let q(g) = -g**3 + 10*g**2 - 2*g - 5. Let a(j) = -2*j**3 + 20*j**2 - 3*j - 11. Let k(u) = 3*a(u) - 5*q(u). Calculate k(10).
2
Suppose 2*q - q + 4*t = -23, -q = 2*t + 23. Let y be 11/44 - q/4. Let m(b) = -b**2 + 6*b - 1. Determine m(y).
-1
Let h = 47 - 49. Let s(b) = -6*b**3 - 7*b**2 - b + 8. Let x(m) = m**3 + m**2 + m - 1. Let g(y) = -s(y) - 5*x(y). Give g(h).
5
Let d(j) = 4*j**2 - 20*j + 66. Let a(x) = 11*x**2 - 59*x + 185. Let s(b) = -3*a(b) + 8*d(b). Give s(15).
3
Let x(q) = 5*q**3 - 2*q**2 + 3*q - 10. Let o(t) = -6*t**3 + 4*t**2 - 3*t + 12. Let v(y) = -3*o(y) - 4*x(y). Calculate v(-3).
31
Let w(y) = 2*y**3 + 12*y**2 - 10. Suppose 3*g + 2*l + 14 = 0, 6*g = 2*g + 3*l - 30. Give w(g).
-10
Let l(c) = 5*c + 0 - 1 + c**2 - 4 - 4*c. Let m = -64 - -60. Give l(m).
7
Suppose j + 3*j = 8. Let b(n) = n + 31 + n**j - 27 + 0*n**2. Determine b(0).
4
Let b(k) = -k**3 - 15*k**2 + 76*k + 12. Let s be b(-19). Let p(a) = a**2 - 11*a - 16. Give p(s).
-4
Let o(y) = 3*y + 1. Let k(u) = 37*u + 26. Let a(h) = 25*h + 17. Let j(q) = 8*a(q) - 5*k(q). Let x(v) = 2*j(v) - 11*o(v). Give x(2).
-5
Let l be 5*1 - ((-5 - -12) + -3). Let j(n) = 19*n**3 - 2*n + 1. Calculate j(l).
18
Let s(k) be the second derivative of -k**4/12 - 13*k**3/6 - 9*k**2/2 + 93*k. Give s(-12).
3
Let p(l) = l - 5. Let u(v) = -v + 4. Let g(z) = 3*p(z) + 4*u(z). Let h(q) = q - 1. Let s(c) = 2*g(c) + 3*h(c). Determine s(4).
3
Let x be (-2 + 5)/(-1 - -2). Let b = x + 3. Let f(o) be the first derivative of o**4/4 - 5*o**3/3 - 3*o**2 - 6*o - 44. Calculate f(b).
-6
Let b be (3/1 - 0) + -15. Let x = -10 - b. Suppose -k = -3*u - 12, -2*u + 3*k = -x + 3. Let n(g) = -g**3 - 5*g**2 + g - 2. Give n(u).
-7
Let z(q) = -4*q + 2. Suppose -y - 48 = -26. Let v = y - -37. Let k = -12 + v. Determine z(k).
-10
Let r be (-70)/15*3/(-2). Let y(n) = 0*n + r + 4 + n + 3. Give y(0).
14
Let z be (-8)/7*(-35)/10. Suppose z*f - 8*f - 28 = 0. Let n(y) = -y**3 - 8*y**2 - 6*y + 10. Calculate n(f).
3
Let h(w) = 5*w**2 - 25*w - 6. Let k be 10/(-8)*(-280)/70. Calculate h(k).
-6
Let w = 19 - 19. Let m(n) = 3*n - 23. Let j(t) = 5*t - 45. Let l(d) = -4*j(d) + 7*m(d). Calculate l(w).
19
Suppose 3*n = -3*k + 24, 7*k - 3*n = 4*k. Let t(i) be the second derivative of -i**5/20 + i**4/3 + i**3/2 + 5*i**2/2 - 3*i - 62. Calculate t(k).
17
Let y(p) = -28*p - 3. Suppose 487*b = 472*b - 15. Determine y(b).
25
Let l(m) = 22*m - 7*m**2 - 11*m - 5*m + 8*m**2 + 10. Calculate l(-7).
17
Let j(w) = -7*w**2 - w - 7. Let i(u) = 15*u**2 + 2*u + 12. Let c(q) = -4*i(q) - 7*j(q). Calculate c(-1).
-9
Suppose -26*d + 429 - 39 = 0. Let q(g) = g**3 - 15*g**2 - g + 19. Calculate q(d).
4
Let x(m) = -43*m. Let a(s) = -s**3 + 19*s**2 + 21*s - 21. Let v be a(20). Determine x(v).
43
Let y(r) = -r + 2. Let m(p) = 55*p - 88. Let u(z) = m(z) + 44*y(z). Give u(-1).
-11
Let s(o) = -o**3 - 2*o**2 + 2. Let c(l) = l**2 - 3. Let y be c(0). Determine s(y).
11
Let c(j) = -j**3 + 10*j**2 - 2*j + 22. Let i be c(10). Let q(y) = -18*y**2 + 24*y**2 + 4 + i + 2*y + 2 + y**3. Determine q(-6).
-4
Suppose h + 19 = 5*y, -189*h = -194*h - 20. Let u(r) be the second derivative of -r**3/3 - 3*r**2/2 + 3*r. Determine u(y).
-9
Let b(z) = z**2 + 2*z - 1. Let u = 16 + -16. Suppose -j - j = u. Suppose j = -2*a + n + 2 - 5, -3*a + 2*n = 4. What is b(a)?
-1
Let q(l) = -l**2 + 3*l + 4. Let o be q(3). Let v(i) = i - 1 - 1 + 2 + 2. Calculate v(o).
6
Let k(o) = -o**3 + o**2 + 2*o - 1. Suppose 1 = -5*f + 36. Let q(w) = -3*w**3 + 3*w**2 + 7*w - 3. Let v(l) = f*k(l) - 2*q(l). Give v(2).
-5
Let q(n) = -17*n + 147. Let u be q(9). Let r(z) = -3*z - 6. Determine r(u).
12
Let u(l) be the first derivative of -15 + 1/3*l**3 + 0*l - l**2. Determine u(4).
8
Let b(l) = 2*l**2 - 4*l + 3. Suppose 6*c + 1 - 67 = 0. Suppose -17 = -2*u - c. Suppose r = -u + 5. Determine b(r).
3
Let t(m) = -3*m - 20. Let u be ((-36)/16)/((21/(-12))/(-7)). Let n be t(u). Let x(s) = -2*s - 9. Calculate x(n).
-23
Let z(h) = -2*h**2 + 2*h. Suppose -2 = 10*f - 